{"id":34,"date":"2015-04-09T00:13:27","date_gmt":"2015-04-08T22:13:27","guid":{"rendered":"http:\/\/www.margheritagabrielli.it\/wordpress\/?page_id=34"},"modified":"2015-04-11T00:10:31","modified_gmt":"2015-04-10T22:10:31","slug":"lopera-pittorica","status":"publish","type":"page","link":"https:\/\/www.margheritagabrielli.it\/?page_id=34","title":{"rendered":"L&#8217;opera pittorica"},"content":{"rendered":"<h1>Preparazione<\/h1>\n<p>Nel 1937 avevo, finalmente, concluso la licenza liceale e, con un notevole esaurimento nervoso, avevo distrutto un amore giovanile, intenso e poetico, durato cinque anni. Di questo mai mi pentii; ma ben pi\u00f9 complicato era ed \u00e8 stato ritrovare una coerenza interiore, uno scopo nella vita, un nuovo orientamento alla mia individualit\u00e0 in grave crisi ai 21 anni.<br \/>\nPi\u00f9 di una volta avevo sentito il richiamo della pittura, in cui avevo mostrato istintive facolt\u00e0, evidente dote ereditata da un bisnonno materno &#8230;. <a href=\"https:\/\/www.margheritagabrielli.it\/wordpress\/?page_id=41\">continua a leggere<\/a><\/p>\n<h1>Maturazione<\/h1>\n<p>Nello studio all\u2019Accademia di Belle Arti (1947-1952) elaboravo la competenza tecnica della pittura ad olio e approfondivo le conoscenze culturali e facolt\u00e0 critica sia nelle espressioni letterarie che nelle esercitazioni in disegno.<br \/>\nDopo il diploma all\u2019Accademia, per molti anni perseverai a realizzare grandi composizioni in tecnica mista (1954-1964): lavori sbozzati ad acquerello su speciale preparazione (Hebing)(1) portate a termine con pittura a olio o con toni esaltati mediante la spatola&#8230; <a href=\"https:\/\/www.margheritagabrielli.it\/wordpress\/?page_id=43\">continua a leggere<\/a><\/p>\n<h1>Da Goethe a Steiner<\/h1>\n<p>La creazione del \u201cpuro colore\u201d dell\u2019insegnamento del Maestro antroposofo Beppe Assenza che frequentai dopo il 1947, destava nuove facolt\u00e0 creative.<br \/>\nApprofondendo coscientemente la realt\u00e0 dei colori se ne sperimentava non solo l\u2019\u201cazione sensibile e morale\u201d quale Goethe ha caratterizzato nella ben nota \u201cteoria dei colori\u201d (Farbenlehre \u201cSinnlich-sittliche Wirkung der Farbe\u201d) \u2013 \u201cgaiezza del giallo, raccoglimento nell\u2019azzurro, dignit\u00e0 nel rosso porpora\u201d\u2013, ma si procedeva alla penetrazione della \u201cessenza dei colori\u201d essenza dei fenomeni nella realt\u00e0 del loro dinamico manifestarsi (Steiner, \u201cDas Wesen der Farbe\u201d) &#8230; <a href=\"https:\/\/www.margheritagabrielli.it\/wordpress\/?page_id=45%20\">continua a leggere<\/a><\/p>\n","protected":false},"excerpt":{"rendered":"<p>Preparazione Nel 1937 avevo, finalmente, concluso la licenza liceale e, con un notevole esaurimento nervoso, avevo distrutto un amore giovanile, intenso e poetico, durato cinque anni. Di questo mai mi pentii; ma ben pi\u00f9 complicato era ed \u00e8 stato ritrovare una coerenza interiore, uno scopo nella vita, un nuovo orientamento alla mia individualit\u00e0 in grave &hellip;<\/p>\n","protected":false},"author":1,"featured_media":0,"parent":0,"menu_order":20,"comment_status":"closed","ping_status":"closed","template":"","meta":{"footnotes":""},"class_list":["post-34","page","type-page","status-publish","hentry"],"_links":{"self":[{"href":"https:\/\/www.margheritagabrielli.it\/index.php?rest_route=\/wp\/v2\/pages\/34","targetHints":{"allow":["GET"]}}],"collection":[{"href":"https:\/\/www.margheritagabrielli.it\/index.php?rest_route=\/wp\/v2\/pages"}],"about":[{"href":"https:\/\/www.margheritagabrielli.it\/index.php?rest_route=\/wp\/v2\/types\/page"}],"author":[{"embeddable":true,"href":"https:\/\/www.margheritagabrielli.it\/index.php?rest_route=\/wp\/v2\/users\/1"}],"replies":[{"embeddable":true,"href":"https:\/\/www.margheritagabrielli.it\/index.php?rest_route=%2Fwp%2Fv2%2Fcomments&post=34"}],"version-history":[{"count":6,"href":"https:\/\/www.margheritagabrielli.it\/index.php?rest_route=\/wp\/v2\/pages\/34\/revisions"}],"predecessor-version":[{"id":138,"href":"https:\/\/www.margheritagabrielli.it\/index.php?rest_route=\/wp\/v2\/pages\/34\/revisions\/138"}],"wp:attachment":[{"href":"https:\/\/www.margheritagabrielli.it\/index.php?rest_route=%2Fwp%2Fv2%2Fmedia&parent=34"}],"curies":[{"name":"wp","href":"https:\/\/api.w.org\/{rel}","templated":true}]}}

<h1>Preparazione</h1>
<p>Nel 1937 avevo, finalmente, concluso la licenza liceale e, con un notevole esaurimento nervoso, avevo distrutto un amore giovanile, intenso e poetico, durato cinque anni. Di questo mai mi pentii; ma ben più complicato era ed è stato ritrovare una coerenza interiore, uno scopo nella vita, un nuovo orientamento alla mia individualità in grave crisi ai 21 anni.<br />
Più di una volta avevo sentito il richiamo della pittura, in cui avevo mostrato istintive facoltà, evidente dote ereditata da un bisnonno materno &#8230;. <a href="https://www.margheritagabrielli.it/wordpress/?page_id=41">continua a leggere</a></p>
<h1>Maturazione</h1>
<p>Nello studio all’Accademia di Belle Arti (1947-1952) elaboravo la competenza tecnica della pittura ad olio e approfondivo le conoscenze culturali e facoltà critica sia nelle espressioni letterarie che nelle esercitazioni in disegno.<br />
Dopo il diploma all’Accademia, per molti anni perseverai a realizzare grandi composizioni in tecnica mista (1954-1964): lavori sbozzati ad acquerello su speciale preparazione (Hebing)(1) portate a termine con pittura a olio o con toni esaltati mediante la spatola&#8230; <a href="https://www.margheritagabrielli.it/wordpress/?page_id=43">continua a leggere</a></p>
<h1>Da Goethe a Steiner</h1>
<p>La creazione del “puro colore” dell’insegnamento del Maestro antroposofo Beppe Assenza che frequentai dopo il 1947, destava nuove facoltà creative.<br />
Approfondendo coscientemente la realtà dei colori se ne sperimentava non solo l’“azione sensibile e morale” quale Goethe ha caratterizzato nella ben nota “teoria dei colori” (Farbenlehre “Sinnlich-sittliche Wirkung der Farbe”) – “gaiezza del giallo, raccoglimento nell’azzurro, dignità nel rosso porpora”–, ma si procedeva alla penetrazione della “essenza dei colori” essenza dei fenomeni nella realtà del loro dinamico manifestarsi (Steiner, “Das Wesen der Farbe”) &#8230; <a href="https://www.margheritagabrielli.it/wordpress/?page_id=45%20">continua a leggere</a></p>

<p>Preparazione Nel 1937 avevo, finalmente, concluso la licenza liceale e, con un notevole esaurimento nervoso, avevo distrutto un amore giovanile, intenso e poetico, durato cinque anni. Di questo mai mi pentii; ma ben più complicato era ed è stato ritrovare una coerenza interiore, uno scopo nella vita, un nuovo orientamento alla mia individualità in grave &hellip;</p>
