{"id":47,"date":"2015-04-09T00:20:48","date_gmt":"2015-04-08T22:20:48","guid":{"rendered":"http:\/\/www.margheritagabrielli.it\/wordpress\/?page_id=47"},"modified":"2015-04-18T18:32:19","modified_gmt":"2015-04-18T16:32:19","slug":"il-ramo-paterno-gabrielli","status":"publish","type":"page","link":"https:\/\/www.margheritagabrielli.it\/?page_id=47","title":{"rendered":"Il ramo paterno &#8211; Gabrielli"},"content":{"rendered":"<h1><a href=\"https:\/\/www.margheritagabrielli.it\/wordpress\/wp-content\/uploads\/2015\/04\/Stemma-Gabrielli-da-Gubbio_small.jpg\"><img loading=\"lazy\" decoding=\"async\" class=\" size-medium wp-image-52 alignleft\" src=\"https:\/\/www.margheritagabrielli.it\/wordpress\/wp-content\/uploads\/2015\/04\/Stemma-Gabrielli-da-Gubbio_small-217x300.jpg\" alt=\"Stemma Gabrielli da Gubbio_small\" width=\"217\" height=\"300\" srcset=\"https:\/\/www.margheritagabrielli.it\/wp-content\/uploads\/2015\/04\/Stemma-Gabrielli-da-Gubbio_small-217x300.jpg 217w, https:\/\/www.margheritagabrielli.it\/wp-content\/uploads\/2015\/04\/Stemma-Gabrielli-da-Gubbio_small-740x1024.jpg 740w\" sizes=\"auto, (max-width: 217px) 100vw, 217px\" \/><\/a>Il ramo paterno &#8211; Gabrielli da Gubbio<\/h1>\n<p>Padre di Magherita era il Conte <strong>Eduardo Gabrielli da Gubbio<\/strong>.<\/p>\n<p>Le radici della famiglia Gabrielli da Gubbio sono antichissime.<br \/>\nAlcuni storici fanno risalire le loro origini all&#8217;epoca romana, sostenendo che discendano dall&#8217;Imperatore Caracalla, ma i primi documenti storici che menzionano la famiglia sono del X\u00b0 secolo, quando Cante Gabrielli ottenne da Papa Stefano VII alcuni castelli nell&#8217;Italia centrale, tra i quali quello di Luceoli, che fu ribattezzato Cantiano (da Cante).<br \/>\nLa famiglia accrebbe nei secoli il suo potere, e molti suoi membri si distinsero nei campi della politica, della guerra, della diplomazia, della scienza, dell&#8217;arte, della religione.<\/p>\n<p>Cante Gabrielli fu Comandante della Lega Guelfa nell&#8217;Italia centrale e Podest\u00e0 di Firenze. Condann\u00f2 Dante Alighieri all&#8217;esilio per baratteria, e il poeta si vendic\u00f2 dando l&#8217;allusivo nome di Rubicante al diavolo che lui stesso incontra nella bolgia dei barattieri (canti XXI e XXII dell&#8217;Inferno). Giosu\u00e8 Carducci dedic\u00f2 un sonetto a Cante Gabrielli.<\/p>\n<p>La famiglia si divise in vari rami, tra questi il ramo che si stabil\u00ec a Tropea, in Calabria, nel XIII secolo, dando origine successivamente ad un ramo napoletano da cui Margherita Gabrielli discendeva. Tra i suoi avi anche il filosofo <strong>Pasquale Galluppi<\/strong>, la cui figlia Giovanna spos\u00f2 il conte Carlo Gabrielli, sindaco di Tropea dal 1850 al 1852.<\/p>\n","protected":false},"excerpt":{"rendered":"<p>Il ramo paterno &#8211; Gabrielli da Gubbio Padre di Magherita era il Conte Eduardo Gabrielli da Gubbio. Le radici della famiglia Gabrielli da Gubbio sono antichissime. Alcuni storici fanno risalire le loro origini all&#8217;epoca romana, sostenendo che discendano dall&#8217;Imperatore Caracalla, ma i primi documenti storici che menzionano la famiglia sono del X\u00b0 secolo, quando Cante &hellip;<\/p>\n","protected":false},"author":1,"featured_media":0,"parent":26,"menu_order":0,"comment_status":"closed","ping_status":"closed","template":"","meta":{"footnotes":""},"class_list":["post-47","page","type-page","status-publish","hentry"],"_links":{"self":[{"href":"https:\/\/www.margheritagabrielli.it\/index.php?rest_route=\/wp\/v2\/pages\/47","targetHints":{"allow":["GET"]}}],"collection":[{"href":"https:\/\/www.margheritagabrielli.it\/index.php?rest_route=\/wp\/v2\/pages"}],"about":[{"href":"https:\/\/www.margheritagabrielli.it\/index.php?rest_route=\/wp\/v2\/types\/page"}],"author":[{"embeddable":true,"href":"https:\/\/www.margheritagabrielli.it\/index.php?rest_route=\/wp\/v2\/users\/1"}],"replies":[{"embeddable":true,"href":"https:\/\/www.margheritagabrielli.it\/index.php?rest_route=%2Fwp%2Fv2%2Fcomments&post=47"}],"version-history":[{"count":4,"href":"https:\/\/www.margheritagabrielli.it\/index.php?rest_route=\/wp\/v2\/pages\/47\/revisions"}],"predecessor-version":[{"id":304,"href":"https:\/\/www.margheritagabrielli.it\/index.php?rest_route=\/wp\/v2\/pages\/47\/revisions\/304"}],"up":[{"embeddable":true,"href":"https:\/\/www.margheritagabrielli.it\/index.php?rest_route=\/wp\/v2\/pages\/26"}],"wp:attachment":[{"href":"https:\/\/www.margheritagabrielli.it\/index.php?rest_route=%2Fwp%2Fv2%2Fmedia&parent=47"}],"curies":[{"name":"wp","href":"https:\/\/api.w.org\/{rel}","templated":true}]}}

<h1><a href="https://www.margheritagabrielli.it/wordpress/wp-content/uploads/2015/04/Stemma-Gabrielli-da-Gubbio_small.jpg"><img loading="lazy" decoding="async" class=" size-medium wp-image-52 alignleft" src="https://www.margheritagabrielli.it/wordpress/wp-content/uploads/2015/04/Stemma-Gabrielli-da-Gubbio_small-217x300.jpg" alt="Stemma Gabrielli da Gubbio_small" width="217" height="300" srcset="https://www.margheritagabrielli.it/wp-content/uploads/2015/04/Stemma-Gabrielli-da-Gubbio_small-217x300.jpg 217w, https://www.margheritagabrielli.it/wp-content/uploads/2015/04/Stemma-Gabrielli-da-Gubbio_small-740x1024.jpg 740w" sizes="auto, (max-width: 217px) 100vw, 217px" /></a>Il ramo paterno &#8211; Gabrielli da Gubbio</h1>
<p>Padre di Magherita era il Conte <strong>Eduardo Gabrielli da Gubbio</strong>.</p>
<p>Le radici della famiglia Gabrielli da Gubbio sono antichissime.<br />
Alcuni storici fanno risalire le loro origini all&#8217;epoca romana, sostenendo che discendano dall&#8217;Imperatore Caracalla, ma i primi documenti storici che menzionano la famiglia sono del X° secolo, quando Cante Gabrielli ottenne da Papa Stefano VII alcuni castelli nell&#8217;Italia centrale, tra i quali quello di Luceoli, che fu ribattezzato Cantiano (da Cante).<br />
La famiglia accrebbe nei secoli il suo potere, e molti suoi membri si distinsero nei campi della politica, della guerra, della diplomazia, della scienza, dell&#8217;arte, della religione.</p>
<p>Cante Gabrielli fu Comandante della Lega Guelfa nell&#8217;Italia centrale e Podestà di Firenze. Condannò Dante Alighieri all&#8217;esilio per baratteria, e il poeta si vendicò dando l&#8217;allusivo nome di Rubicante al diavolo che lui stesso incontra nella bolgia dei barattieri (canti XXI e XXII dell&#8217;Inferno). Giosuè Carducci dedicò un sonetto a Cante Gabrielli.</p>
<p>La famiglia si divise in vari rami, tra questi il ramo che si stabilì a Tropea, in Calabria, nel XIII secolo, dando origine successivamente ad un ramo napoletano da cui Margherita Gabrielli discendeva. Tra i suoi avi anche il filosofo <strong>Pasquale Galluppi</strong>, la cui figlia Giovanna sposò il conte Carlo Gabrielli, sindaco di Tropea dal 1850 al 1852.</p>
